tor of 6 and 162.
6
Calculate the highest common divisor of 21 and 189.
21
What is the highest common divisor of 976 and 305?
61
Calculate the greatest common factor of 24813 and 27.
27
Calculate the highest common divisor of 1045 and 4807.
209
What is the highest common divisor of 16 and 73456?
16
Calculate the greatest common factor of 444 and 2.
2
Calculate the highest common factor of 43 and 473.
43
What is the greatest common divisor of 5 and 80?
5
Calculate the greatest common divisor of 425 and 50.
25
Calculate the highest common factor of 189 and 621.
27
Calculate the highest common factor of 27 and 21735.
27
What is the greatest common divisor of 27 and 6687?
9
Calculate the greatest common factor of 1400 and 1600.
200
What is the highest common factor of 380 and 100?
20
What is the highest common factor of 19 and 76?
19
What is the greatest common factor of 8 and 44?
4
Calculate the highest common divisor of 24 and 508.
4
Calculate the greatest common divisor of 15477 and 134.
67
What is the highest common factor of 12 and 1308?
12
Calculate the highest common divisor of 45 and 1125.
45
What is the greatest common factor of 92 and 8?
4
Calculate the greatest common divisor of 330 and 22.
22
What is the highest common factor of 76 and 12?
4
Calculate the greatest common divisor of 2188 and 12.
4
What is the highest common factor of 3066 and 168?
42
Calculate the greatest common factor of 14 and 49.
7
What is the greatest common divisor of 16758 and 72?
18
What is the greatest common factor of 615 and 6970?
205
Calculate the greatest common factor of 78 and 208.
26
What is the greatest common factor of 3625 and 3?
1
Calculate the greatest common factor of 30 and 390.
30
Calculate the highest common divisor of 10 and 2.
2
Calculate the greatest common divisor of 70 and 1125.
5
Calculate the highest common factor of 259 and 63.
7
Calculate the highest common factor of 9250 and 1295.
185
What is the highest common factor of 48 and 240?
48
Calculate the highest common divisor of 12 and 1473.
3
What is the highest common factor of 119 and 77?
7
Calculate the highest common divisor of 22 and 2.
2
Calculate the highest common factor of 40 and 200.
40
What is the greatest common factor of 20 and 142?
2
Calculate the highest common factor of 17 and 425.
17
Calculate the greatest common divisor of 200 and 3500.
100
What is the highest common factor of 273 and 78?
39
Calculate the greatest common divisor of 25830 and 10.
10
What is the highest common factor of 56 and 1239?
7
What is the greatest common factor of 943 and 164?
41
Calculate the highest common factor of 15012 and 60.
12
Calculate the highest common divisor of 8554 and 52.
26
Calculate the greatest common factor of 89 and 1691.
89
Calculate the highest common divisor of 36 and 63.
9
What is the highest common divisor of 10 and 135?
5
What is the highest common factor of 1909 and 23?
23
What is the greatest common divisor of 1751 and 85?
17
What is the highest common factor of 30 and 258?
6
What is the greatest common factor of 81 and 1?
1
What is the greatest common factor of 6 and 122?
2
What is the greatest common divisor of 23 and 14099?
23
What is the highest common factor of 3399 and 66?
33
What is the highest common divisor of 54 and 1863?
27
Calculate the greatest common factor of 63 and 1575.
63
Calculate the highest common divisor of 19212 and 36.
12
What is the highest common factor of 48 and 42?
6
What is the highest common factor of 46 and 2?
2
What is the greatest common factor of 1808 and 112?
16
What is the highest common divisor of 11 and 275?
11
Calculate the highest common factor of 544 and 3026.
34
What is the highest common divisor of 136 and 527?
17
What is the greatest common divisor of 2 and 14?
2
What is the greatest common divisor of 4864 and 38?
38
Calculate the highest common divisor of 143 and 44.
11
What is the greatest common factor of 36 and 40?
4
What is the greatest common divisor of 656 and 123?
41
What is the highest common divisor of 3211 and 19?
19
Calculate the highest common divisor of 253 and 138.
23
What is the highest common divisor of 57 and 3021?
57
What is the highest common factor of 28 and 2310?
14
Calculate the greatest common factor of 49 and 5537.
49
What is the greatest common factor of 12 and 2264?
4
What is the highest common divisor of 17 and 187?
17
Calculate the highest common divisor of 268 and 2546.
134
What is the greatest common divisor of 9019 and 29?
29
What is the greatest common divisor of 14141 and 1253?
179
Calculate the highest common divisor of 192 and 3324.
12
What is the highest common factor of 1554 and 14?
14
What is the greatest common factor of 228 and 8?
4
Calculate the greatest common divisor of 63 and 756.
63
Calculate the highest common factor of 136 and 16.
8
Calculate the greatest common divisor of 592 and 16.
16
Calculate the greatest common divisor of 5210 and 4.
2
What is the greatest common factor of 110 and 1430?
110
What is the highest common divisor of 8 and 3448?
8
Calculate the greatest common factor of 1736 and 224.
56
Calculate the highest common factor of 231 and 28.
7
Calculate the greatest common factor of 195 and 1755.
195
Calculate the greatest common divisor of 588 and 154.
14
What is the greatest common divisor of 58 and 1073?
29
Calculate the greatest common factor of 486 and 189.
27
What is the highest common factor of 68 and 51?
17
Calculate the greatest common divisor of 2 and 62.
2
Calculate the highest common divisor of 33 and 3.
3
What is the highest common factor of 2415 and 105?
105
What is the highest common divisor of 3770 and 116?
58
Calculate the greatest common factor of 75 and 200.
25
What is the greatest common divisor of 11824 and 32?
16
Calculate the highest common factor of 416 and 560.
16
Calculate the highest common divisor of 9 and 2007.
9
Calculate the greatest common divisor of 6950 and 100.
50
Calculate the greatest common factor of 19 and 209.
19
What is the highest common factor of 235 and 15?
5
Calculate the greatest common factor of 31 and 31744.
31
Calculate the highest common factor of 430 and 946.
86
Calculate the greatest common factor of 316 and 790.
158
What is the greatest common factor of 66 and 7722?
66
Calculate the highest common divisor of 30 and 270.
30
Calculate the greatest common divisor of 15 and 165.
15
Calculate the highest common divisor of 187 and 11.
11
Calculate the highest common factor of 2568 and 228.
12
Calculate the greatest common divisor of 11 and 3487.
11
What is the highest common divisor of 11 and 2266?
11
Calculate the greatest common factor of 111 and 37.
37
Calculate the highest common divisor of 29 and 319.
29
Calculate the highest common divisor of 494 and 38.
38
What is the highest common factor of 80 and 10280?
40
What is the highest common factor of 5 and 3815?
5
Calculate the highest common factor of 2380 and 180.
20
Calculate the greatest common divisor of 2870 and 30.
10
What is the highest common factor of 77389 and 13?
13
Calculate the highest common divisor of 4121 and 26.
13
Calculate the greatest common divisor of 3 and 25.
1
Calculate the greatest common divisor of 16 and 4688.
16
What is the greatest common factor of 84 and 4074?
42
Calculate the highest common divisor of 2415 and 920.
115
Calculate the greatest common divisor of 696 and 3306.
174
What is the greatest common factor of 25 and 475?
25
Calculate the highest common divisor of 1 and 139.
1
Calculate the greatest common factor of 122 and 2.
2
Calculate the greatest common divisor of 1 and 13679.
1
What is the highest common divisor of 66 and 33?
33
Calculate the highest common factor of 2688 and 42.
42
Calculate the greatest common divisor of 9746 and 22.
22
Calculate the greatest common divisor of 120 and 30760.
40
Calculate the greatest common factor of 36 and 10164.
12
What is the greatest common factor of 391 and 34?
17
Calculate the highest common divisor of 69 and 92.
23
What is the highest common divisor of 88 and 8?
8
What is the greatest common divisor of 45 and 465?
15
What is the highest common factor of 76 and 68?
4
Calculate the highest common factor of 870 and 270.
30
What is the greatest common factor of 1744 and 545?
109
What is